he prime factors of b.
7, 53
Suppose 2*g + 2*q = 6*g - 36, 4*g = q + 32. Let o = 185 - 166. What are the prime factors of o/g - 3 - 2778/(-21)?
2, 3, 11
Let v be 105/25 + (-3)/15. Suppose v*u = h + 15, 5*h - 4 = u + 16. Suppose -j - 25 = -6*j, 0 = -5*y - h*j + 1045. What are the prime factors of y?
2, 3, 17
Let m be ((-5)/((-10)/2))/1. Let d be (7 - 3) + -1*2*m. What are the prime factors of 149 + d*1/2?
2, 3, 5
Let v be 35/14 - 2 - 10/(-4). Suppose 0 = v*b + 1490 - 8. Let n = b - -699. List the prime factors of n.
5, 41
Let w(q) = 32*q + 46. Let z = -52 + 66. List the prime factors of w(z).
2, 13, 19
Let o(i) = -3*i**3 + 12*i**2 - 41*i - 153. List the prime factors of o(-15).
3, 43, 103
List the prime factors of (-316035)/12*48/(-36).
3, 5, 2341
Let x = 10427 + 2564. List the prime factors of x.
11, 1181
Let v(y) = -y - 185. Let q be v(6). Let g = 404 - q. List the prime factors of g.
5, 7, 17
Suppose -5*a - 4*n + 3881 = 868, -a = -4*n - 593. Suppose -k = -5*z - 87 - 69, -4*k - 3*z + a = 0. List the prime factors of k + ((-3)/2)/((-15)/(-20)).
149
List the prime factors of (-24)/(-30)*(-4085)/(-2).
2, 19, 43
Let g(v) = 493*v - 2680. What are the prime factors of g(58)?
2, 3, 7, 617
Let h be (-14)/56 - 2/((-8)/93). Let d(l) = l**3 - 22*l**2 - 23*l + 41. List the prime factors of d(h).
41
Let u(q) = -219*q**3 - 2*q**2 + 44*q + 254. List the prime factors of u(-5).
109, 251
Suppose 9*p + 120 = 111. Let j be ((-6)/4)/(-1)*2. List the prime factors of 4 - (j + 16)*p.
23
Suppose -376 + 360 = -4*b. Suppose -94 = -c + b*p, 0 = c - 2*c + 5*p + 92. What are the prime factors of c?
2, 3, 17
Let z(u) = 8*u + 1177 + 23*u + 114*u + 107*u - 1253. List the prime factors of z(3).
2, 5, 17
Let k(c) = 34*c + 161. Let d be k(11). Suppose d - 4239 = -4*a. What are the prime factors of a?
2, 463
Suppose 106 = 5*m - 3*b + 5*b, 2*m + b = 43. What are the prime factors of 5796/35 + 8/m?
2, 83
Suppose 0 = -5*t + z + z + 75, 4*t - 3*z = 60. Suppose -p + t = 3*w - 5, 28 = 5*p - 3*w. What are the prime factors of (1 + 516/p)*4?
2, 131
Let u be ((-2)/(-6))/(3/(-1611)). Let q = u - -549. List the prime factors of q.
2, 5, 37
Suppose -231*f + 244*f = 312. Suppose 0 = -f*i - 0*i + 19344. List the prime factors of i.
2, 13, 31
Let q(l) be the first derivative of 10*l**3 + 3*l**2 - 13*l - 65. What are the prime factors of q(4)?
491
Let m(v) = 2*v - 3. Suppose -4 = 3*y - 4*n, 3*y + 3*n - 17 - 7 = 0. Let p be m(y). Let k(j) = j**3 - 2*j**2 + j - 1. What are the prime factors of k(p)?
79
Let m = 145 - 107. List the prime factors of (-509)/(-1)*m/38.
509
Suppose -3366 = -204*x + 138*x. Suppose -o + 5 = 0, 4*o = v - 0*o - 53. Suppose k = x + v. List the prime factors of k.
2, 31
Let n = 18334 + -12297. What are the prime factors of n?
6037
Let v(u) = -4946*u + 1455. List the prime factors of v(-4).
67, 317
Let c be 9/2*(-147 + 5). Let o = c + 717. What are the prime factors of o?
2, 3, 13
Suppose 0 = 117*a + 62*a - 3652853. What are the prime factors of a?
20407
Suppose 1290 = -0*m - 6*m. Let r = -115 - m. Let k = r - 82. What are the prime factors of k?
2, 3
Suppose v + 243 = 1291. Suppose 119 = -5*c + 3*t + v, -t = -3*c + 555. List the prime factors of c.
2, 23
Let n(o) = 19*o**2 - 3*o + 15. Let m = -11 + 14. List the prime factors of n(m).
3, 59
Suppose 6*f + 81 = 15*f. Suppose -5*b = f*n - 8*n + 21, -2*n - 2*b - 2 = 0. List the prime factors of n.
2
Suppose -12*v - 5*v - 7*v + 166464 = 0. List the prime factors of v.
2, 3, 17
Suppose -2 = g, 2*l + 53006 - 178264 = g. What are the prime factors of l?
2, 3, 17, 307
Let p be 14/(56/(-8)) - -7. Suppose 0 = 3*q + l - 1978, 0 = -46*q + 44*q - p*l + 1336. List the prime factors of q.
2, 7, 47
List the prime factors of ((-6)/(-4))/(21/123536).
2, 1103
Let h = -7223 - -36565. List the prime factors of h.
2, 17, 863
Let k(w) = -4*w + 30. Let z be k(8). What are the prime factors of (1*(33 - -4))/(z/(-38))?
19, 37
What are the prime factors of (-339)/(5 - (-152)/(-28))?
7, 113
Suppose -57 - 2435 = -2*c. Suppose c = 6*l - 2576. List the prime factors of l.
7, 13
Let d(x) = -15*x + 38. Let c be d(3). What are the prime factors of ((-297)/77)/9 + (-2250)/c?
3, 107
Let j be 2/6 - (-50)/(-15). Let l(v) = 3*v**2 - 3. Let h be l(j). Suppose 10*m - h = 9*m. What are the prime factors of m?
2, 3
Let j(g) = 9*g**3 - 7*g**2 + 11*g + 15. Let k be j(5). Suppose 6*s - k - 3690 = 0. List the prime factors of s.
5, 157
List the prime factors of (11 - (16 + 14)) + 1461.
2, 7, 103
What are the prime factors of -1 + 5668 - ((-5)/25)/(33/165)?
2, 13, 109
Let g = -32568 + 61168. What are the prime factors of g?
2, 5, 11, 13
Let x(l) = -15*l + 153 + 62*l + 12*l + 75. List the prime factors of x(12).
2, 3, 13
Let n = 1577 + -3303. List the prime factors of n/(-4) - (-1)/2.
2, 3
List the prime factors of ((-8)/(-12))/((-23)/(-398061)).
2, 3, 641
Let s be 6/(-4)*2056/(-12). Let i = s - -48. What are the prime factors of i?
5, 61
Suppose -103*w = -0*w - 3373 - 16403. What are the prime factors of w?
2, 3
Let x(d) be the third derivative of d**5/60 + 17*d**4/24 - 20*d**3/3 + 448*d**2. Suppose -2*u = 3*u - 55. List the prime factors of x(u).
2, 67
Suppose f = 2*y + 15267, 5*y - 11 + 46 = 0. What are the prime factors of f?
7, 2179
Let q(g) = -80*g + 127. Let p be q(-8). Let r = p - -182. What are the prime factors of r?
13, 73
Let t = 13739 + -10922. What are the prime factors of t?
3, 313
Let j(y) = 4*y + 14. Let i = 40 + -47. Let u be j(i). Let l = 36 - u. What are the prime factors of l?
2, 5
Suppose -16394 = -2*n - c, -3*n + 50*c = 54*c - 24586. List the prime factors of n.
2, 4099
Let s = 25 - 14. Suppose s*v = 91 + 2417. List the prime factors of v.
2, 3, 19
Let v(k) = -3*k**3 - 17*k**2 - 5*k + 30. Suppose -96 = b - 88. What are the prime factors of v(b)?
2, 7, 37
Suppose 0 = 5*f - 20, 2*o = f - 28 - 34. Let l = o + 57. Suppose -5*h + 9 = -11, 4*k - 4*h - l = 0. What are the prime factors of k?
11
Let h(j) = j**3 + 6*j**2 + 7*j - 1. Let k be h(-3). Suppose -k*a + 451 = 2*o, 3*o = -4*a + a + 276. What are the prime factors of a?
89
Suppose -598603 = -36*f - 14490 + 54167. What are the prime factors of f?
2, 3, 5, 197
Let l = -84 + 92. Suppose -156 - 2084 = -l*g. List the prime factors of g.
2, 5, 7
Suppose -11*h = -h + 4*h - 135268. List the prime factors of h.
2, 4831
Let i be (-2 + 1 + -1)/((-10)/25). Suppose -i*s + 12 = -2*p - 331, -2*s + 139 = p. Let f = s + -35. What are the prime factors of f?
2, 17
Let r(h) be the first derivative of h**4/2 + 19*h**3/3 + 6*h**2 + 185. What are the prime factors of r(-8)?
2, 3
Let f = -15 + 45. Let l be -165 + (-6)/4 + 45/f. Let j = 270 + l. List the prime factors of j.
3, 5, 7
Let r = 4637 - 2937. What are the prime factors of r?
2, 5, 17
Let f(p) be the first derivative of 28*p**3/3 + 31*p**2/2 + 161*p - 216. List the prime factors of f(-8).
5, 11, 31
Suppose 0 = 3*z - 13 - 2. Suppose -3*r + z*q - 346 = -1238, r + 2*q - 301 = 0. Let v = -187 + r. What are the prime factors of v?
2, 7
Suppose 0 = 5*y - s - 13, -3*y + 8 = -3*s - 7. Let a(q) = -142*q - 2. Let c be a(-2). Suppose -c = -y*d - d. What are the prime factors of d?
2, 47
Suppose 29 + 27 = 14*y. Suppose -y*m - m + 1195 = 0. List the prime factors of m.
239
Let s = 2580 + 187. What are the prime factors of s?
2767
Suppose -35*x + 15527 = -442682 - 285681. List the prime factors of x.
2, 10627
Suppose -4*g + d = -22597, g + 16*d - 5646 = 13*d. What are the prime factors of g?
3, 7, 269
Suppose -3*h + 92 = -5*f, 5*h = 7*h - 5*f - 68. Let v(b) = -b**3 + 23*b**2 + 27*b + 19. Let a be v(h). Suppose a + 175 = 2*x. What are the prime factors of x?
7, 19
Let i be -71 - (-3 - (-8 - -2)). Let s(f) = 6*f**2 - 18. Let q be s(5). Let x = q + i. List the prime factors of x.
2, 29
Suppose -2*y - 60 = -68. Suppose -j = -a - y*a + 243, -4*j - 5*a - 947 = 0. Let c = j - -377. List the prime factors of c.
139
Let r(v) = -75*v**3 - 72*v**3 - 4*v + 146*v**3 - 26 - 18*v**2. What are the prime factors of r(-18)?
2, 23
Let a(s) = -s**3 + 3*s**2 - 2*s - 11. Let h be a(5). Let r = h + 73. Suppose z - r*x - 21 = 0, 3*x = 2 - 14. What are the prime factors of z?
13
Suppose -19*f + 5*f + 1019 + 23845 = 0. What are the prime factors of f?
2, 3, 37
Let l be (36/(-30))/((-6)/20). Suppose 0*